(12/(-10))/((-12)/40). Let r = -76 - l. Let b = r + 115. Is b prime?
False
Let r(k) = -k**2 - 4*k - 1. Let t be r(-5). Let s(j) = 2*j**2 - 7. Is s(t) a prime number?
False
Suppose -3*v - 3 = -4*i, -3*v + 12 = 3*i - 2*i. Suppose t - 20 = h, -2 = v*h - 11. Is t a prime number?
True
Let p = -6844 - -10791. Is p a prime number?
True
Suppose -o - 2*o = 18. Let n = -5 + 3. Is (-542)/o - n/3 prime?
False
Let i = 5 + -3. Suppose -j + 2*b - 47 = -i*j, 2*b + 4 = 0. Suppose 7 = -4*p + j. Is p composite?
False
Let d be ((-4)/6)/((-1)/9). Let u = 41 - d. Is u a composite number?
True
Let g be (-688)/(-7) + 2/(-7). Suppose g = 2*q - 8. Is q composite?
False
Let u(w) = 3 + 0 + 48*w - 2 - 2. Is u(1) prime?
True
Let s(t) = -t**2 + 4 + 4 - 5 - 18*t. Let h be s(-8). Is 2*(h/2 - 0) prime?
True
Is (0 + 6 + 53)/(1 - 0) a prime number?
True
Let l be 6 + -5 + 194/2. Let o = 155 + l. Is o prime?
False
Let s be 1628/(-12) + (-1)/3. Is (s/12)/((-2)/6) prime?
False
Let l(q) = q + 1. Let o(c) = 27*c - 24. Let w(p) = -4*l(p) - o(p). Is w(-9) composite?
True
Suppose -788 = -2*o - 2*g - 0*g, 3*o - 2*g - 1187 = 0. Is o a composite number?
True
Let f = -4 + 4. Suppose -s - 2 + 1 = f. Let h(q) = -11*q - 1. Is h(s) composite?
True
Let p be -5 + 8 + 1*103. Suppose -g + p + 163 = 0. Is g a prime number?
True
Suppose -s = -5*s. Let q = s - -4. Suppose -31 = -l - q*t, -7*l + 2*l + 67 = -2*t. Is l prime?
False
Let h = 3379 - 1880. Is h composite?
False
Let j be 1662/(-24) - (-9)/(-12). Let k = j + 144. Is k a prime number?
False
Suppose 6*i - 4*i - 20 = 0. Is (5 + i)*(0 + 1) composite?
True
Suppose 885 = 4*i - i. Is i a composite number?
True
Let k = 32 + -19. Let t = -19 + k. Is (2/t)/(3/(-171)) a prime number?
True
Let o = 6 + 0. Suppose -3*y + o = 0, -3*n - n = -2*y - 20. Is n a composite number?
True
Suppose 0 = 3*l + 2*l + t - 10768, 4*t + 6447 = 3*l. Is l composite?
False
Suppose -2 = -5*b + 463. Suppose 3*i - b = 168. Is i a composite number?
True
Let x(j) = 2*j**2 + 9*j - 4. Is x(-7) prime?
True
Let l(t) = 6*t**2 - 2*t - 5. Let w(s) = -s. Let g(o) = l(o) - 2*w(o). Is g(4) prime?
False
Suppose -14 - 6 = -5*c. Suppose -c*d + 11 + 2 = -m, 23 = 5*d + m. Suppose 9*z - 75 = -d*y + 4*z, 0 = -2*z + 6. Is y a prime number?
False
Let d = -48 + -55. Is -3 + 0 - (-3 + d) composite?
False
Let s(b) = 39*b + 4. Let m be (1 + -2)/(4/(-28)). Is s(m) composite?
False
Let h be 6/2 + (3 - 2). Suppose 110 = h*m + 22. Is m a prime number?
False
Let t(y) = -3*y - 1. Let d be t(-1). Suppose 0 = d*k - 5*k + 111. Is k composite?
False
Let n(j) = -j**2 - 9*j - 3. Let f be n(-8). Suppose -y - 343 = -f*s + y, -s = y - 63. Is s a prime number?
True
Let f(i) = -10*i - 12. Let s be f(-6). Suppose 127 = c + s. Is c composite?
False
Suppose -2*u = -g + 1 - 10, -2*g = 2*u - 12. Let y = -1 + g. Is -113*(y + (-1 - 0)) a prime number?
True
Let i(f) = -19*f - 3. Suppose 2*p + 4 = 10. Suppose -2*j - 3*g - 11 = 2*j, -5*j - p*g = 13. Is i(j) a prime number?
False
Let t(v) = 20*v - 1. Suppose 3*u = 3 + 3. Suppose -4*n + 20 = -s, -u*s - 4 - 4 = 0. Is t(n) prime?
True
Suppose 15*g = 2*g + 2197. Is g a prime number?
False
Suppose 3*i + 153 = -3*m + 42, -144 = 4*i + 3*m. Let w = i - -52. Is w a prime number?
True
Let a = 17 + -47. Suppose 6 = -2*c - c, -c = 3*f + 62. Let d = f - a. Is d prime?
False
Let i = 5 - 1. Suppose 242 = i*y + 42. Suppose y + 26 = 4*u. Is u a prime number?
True
Let p be (-1)/(-3) - 10660/(-15). Suppose -561 = 5*i + n + 1564, 0 = 3*i - 3*n + 1257. Let y = p + i. Is y a prime number?
False
Let q(u) = -57*u + 6. Let a be q(-5). Suppose 2*d - a = -d. Is d a prime number?
True
Let d = 24 - 9. Let g be 63/15 + (-3)/d. Suppose 154 = g*n - 2*a, 69 = 5*n - 5*a - 131. Is n a composite number?
False
Let w(o) = o**3 + 4*o**2 + 6*o - 1. Is w(6) composite?
True
Let v = 1 - 2. Is 8 - (-2 + 5 + v) a prime number?
False
Suppose -25 = -4*a - a. Let v(r) = -r**2 + 6*r - 6. Let z be v(4). Suppose 5*m - 89 = -4*i, -a*m - 39 = -2*i - z*m. Is i a prime number?
False
Let a(k) = -k**2 + 6*k + 6. Let p be a(7). Let w = -1 - p. Is 6*(w - 15/(-6)) a prime number?
False
Let o = -6 - -293. Is o a prime number?
False
Let w = -4 - -9. Suppose 5*l + w - 25 = 0. Suppose -50 = l*u - 4*x - 134, -3*u - x = -63. Is u composite?
True
Let o be -3 + 2/(-4)*-6. Suppose -5*a = -b - 2*b + 406, o = -5*a - 25. Is b composite?
False
Is (215/(-20))/((-15)/(-8) - 2) a prime number?
False
Suppose -706 = -f + 5*r, 0*f - 5*r - 2899 = -4*f. Is f a composite number?
True
Let x(r) be the third derivative of r**5/30 - r**4/6 - 2*r**2. Let w be x(5). Suppose -3*q + 3*a = -0*a - w, 4*q + 2*a - 64 = 0. Is q a prime number?
False
Let k(y) = 5*y + 2. Let q be k(-2). Let s = 1 - -6. Is 271/s - q/28 composite?
True
Suppose -3*g = -3*o + 2319, 2*o + 3*g + 781 = 3*o. Is o a prime number?
True
Suppose -m + 2*w = m + 934, 3*w + 6 = 0. Let b = -310 - m. Let p = b - 92. Is p composite?
False
Let o(b) = 4*b**2 + 4*b + 5. Suppose -57 = -2*k - 0*k + 3*t, 2*t + 98 = 3*k. Let y be (-8)/k + 68/(-18). Is o(y) prime?
True
Suppose -4*h + 23 = 3. Suppose 5*u + q = 3*q + 80, 0 = -h*u - 5*q + 45. Is u a composite number?
True
Is 12/24 + (1 - (-358)/4) prime?
False
Let m(c) be the first derivative of 4*c + 1 + 3*c - 6 + 0*c - 5*c**2. Is m(-6) prime?
True
Let i = -885 - -1402. Is i a composite number?
True
Suppose 0 = -0*q - 2*q + 36. Is (3/(-2))/(q/(-1608)) a prime number?
False
Let x = -102 + 221. Is x composite?
True
Suppose 0 = k - 0*k - 56. Let j = k + -7. Let m = j - 12. Is m composite?
False
Let c(q) = 6*q**2 - 10*q + 3. Let x be ((-14)/4)/((-5)/(-10)). Is c(x) a prime number?
True
Suppose 18 + 56 = s. Is s a prime number?
False
Let w(o) = 10*o - 6. Let v be w(-7). Let t = 1 - v. Is t a composite number?
True
Suppose -3*q + 1051 = 2*j + 301, 5*q = 2*j - 782. Is j composite?
True
Suppose -u - m = -93 - 75, 4*u - 3*m - 672 = 0. Suppose 0*d = -2*d + 46. Let r = u - d. Is r a prime number?
False
Let w be (-27)/2*(-4)/6. Is w*2 + -5 + 2 composite?
True
Suppose 3*b + 1275 = 3*o - 1008, -3*b - 1522 = -2*o. Is o a composite number?
False
Let n be 1 + -2 + (3 - 2). Is 0 + n + (3 - -4) composite?
False
Suppose u - 165 + 0 = 0. Suppose 0 = -0*n - 5*n - u. Let g = 54 + n. Is g a prime number?
False
Let z(k) = 433*k + 6. Is z(7) a prime number?
True
Let k = 11 + -19. Let j(r) = -9*r**2 + r + 1. Let w be j(2). Let m = k - w. Is m a composite number?
True
Let k(q) = -14*q + 4. Let r be k(4). Let v = r - -103. Is v a composite number?
True
Suppose -i - 70 = i + y, 8 = 2*y. Let n = -252 + 178. Let p = i - n. Is p prime?
True
Suppose -p + 2*x + 8 = 4*x, 2*x - 2 = -4*p. Suppose 3*q = 38 + 1. Let b = q + p. Is b composite?
False
Suppose 60 + 275 = k. Is k prime?
False
Suppose -4*a + 7*z = 4*z - 3696, -2*z - 3696 = -4*a. Suppose 5*o - a = 371. Is o a prime number?
False
Let f be 10/25 + 1034/(-10). Let y be (-70)/4 - (-2)/(-4). Let x = y - f. Is x a prime number?
False
Let f(l) = -l - l**2 - 3 - 2*l + 12*l**2. Suppose -5*p - 2*h - h = 1, 2*h = -2*p + 2. Is f(p) composite?
False
Is 1/(-2 + 3 + (-3176)/3178) a prime number?
False
Let z = 385 + 152. Is z a prime number?
False
Suppose 5*z + 9 - 39 = 0. Suppose 0 = -c + z*c. Let d = c + 19. Is d a prime number?
True
Suppose -t + 0*t = -23. Is t a composite number?
False
Let j(a) = 14*a**2 + 2*a + 1. Let z be j(-3). Suppose 0 = -f + 4*f + 6, z = 3*c - 5*f. Is c composite?
False
Is ((-70)/(-28))/(2/92) a prime number?
False
Let l be (0/(-1))/(-2 + 1). Suppose l = -3*c + 6*c + 711. Is c/(-5) + (-6)/15 prime?
True
Suppose -7 = -3*j - 5*r, j = -8*r + 3*r - 1. Let z(a) be the third derivative of a**4/24 + a**3/3 + a**2. Is z(j) prime?
False
Is 3965/10 + 2/4 composite?
False
Suppose -7*b + 4*b = -75. Suppose -355 = -5*m - 0. Let d = m - b. Is d prime?
False
Let x be (-3)/(-9) - 17/(-3). Let t(y) = y**2 - 7*y + 8. Let i be t(x). Suppose r = 3*l - 318, -l + 47 = -i*r - 59. Is l composite?
True
Let b = 172 - 117. Is (b + -2 - -2) + -2 a composite number?
False
Suppose 56 = 5*a + 436. Let g = 173 + a. Is g a prime number?
True
Suppose b + 3*q = 0, -b - q = -0*b. Suppose -m - 2*j + 12 = -j, 3*j - 43 = -4*m. Suppose b = 2*t - m*t + 255. Is t prime?
False
Is 709*-2*4/(-24)*3 prime?
True
Is 5223*(9/21 - (-4)/(-42)) a prime number?
True
Let w = 785 - 264. Is 